List the prime factors of 34634.
2, 17317
List the prime factors of 4106.
2, 2053
What are the prime factors of 939?
3, 313
List the prime factors of 10794.
2, 3, 7, 257
List the prime factors of 176887.
176887
What are the prime factors of 22389?
3, 17, 439
What are the prime factors of 1143?
3, 127
List the prime factors of 8817.
3, 2939
List the prime factors of 51817.
51817
List the prime factors of 13396.
2, 17, 197
What are the prime factors of 1550?
2, 5, 31
What are the prime factors of 319?
11, 29
What are the prime factors of 55?
5, 11
What are the prime factors of 69?
3, 23
List the prime factors of 4602.
2, 3, 13, 59
What are the prime factors of 1782?
2, 3, 11
What are the prime factors of 2934?
2, 3, 163
List the prime factors of 914.
2, 457
List the prime factors of 554.
2, 277
List the prime factors of 1049.
1049
List the prime factors of 6264.
2, 3, 29
List the prime factors of 19129.
11, 37, 47
What are the prime factors of 57925?
5, 7, 331
List the prime factors of 41328.
2, 3, 7, 41
List the prime factors of 3053.
43, 71
What are the prime factors of 34895?
5, 7, 997
What are the prime factors of 38690?
2, 5, 53, 73
List the prime factors of 1951.
1951
List the prime factors of 1522.
2, 761
What are the prime factors of 2493?
3, 277
List the prime factors of 834.
2, 3, 139
List the prime factors of 89671.
89671
What are the prime factors of 125226?
2, 3, 773
What are the prime factors of 16666?
2, 13, 641
List the prime factors of 67.
67
What are the prime factors of 4167?
3, 463
List the prime factors of 910.
2, 5, 7, 13
What are the prime factors of 17980?
2, 5, 29, 31
List the prime factors of 52419.
3, 101, 173
List the prime factors of 3684.
2, 3, 307
List the prime factors of 817.
19, 43
What are the prime factors of 1047?
3, 349
List the prime factors of 360.
2, 3, 5
List the prime factors of 25187.
89, 283
List the prime factors of 4130.
2, 5, 7, 59
List the prime factors of 32660.
2, 5, 23, 71
What are the prime factors of 10373?
11, 23, 41
List the prime factors of 13318.
2, 6659
List the prime factors of 3464.
2, 433
List the prime factors of 31410.
2, 3, 5, 349
List the prime factors of 47515.
5, 13, 17, 43
List the prime factors of 229.
229
What are the prime factors of 3534?
2, 3, 19, 31
List the prime factors of 18014.
2, 9007
List the prime factors of 8259.
3, 2753
What are the prime factors of 17347?
11, 19, 83
List the prime factors of 45063.
3, 1669
List the prime factors of 3219.
3, 29, 37
List the prime factors of 79.
79
List the prime factors of 1896.
2, 3, 79
What are the prime factors of 763?
7, 109
What are the prime factors of 61997?
13, 19, 251
List the prime factors of 628.
2, 157
List the prime factors of 40486.
2, 31, 653
List the prime factors of 863.
863
What are the prime factors of 1020?
2, 3, 5, 17
What are the prime factors of 2303?
7, 47
List the prime factors of 45212.
2, 89, 127
What are the prime factors of 1495?
5, 13, 23
What are the prime factors of 4376?
2, 547
List the prime factors of 114094.
2, 57047
List the prime factors of 24449.
23, 1063
List the prime factors of 109570.
2, 5, 10957
List the prime factors of 935.
5, 11, 17
List the prime factors of 123467.
311, 397
List the prime factors of 38935.
5, 13, 599
List the prime factors of 6694.
2, 3347
List the prime factors of 422.
2, 211
What are the prime factors of 4872?
2, 3, 7, 29
List the prime factors of 2058.
2, 3, 7
List the prime factors of 1640.
2, 5, 41
What are the prime factors of 1521?
3, 13
List the prime factors of 12125.
5, 97
What are the prime factors of 7249?
11, 659
What are the prime factors of 786?
2, 3, 131
List the prime factors of 48372.
2, 3, 29, 139
List the prime factors of 135925.
5, 5437
What are the prime factors of 556?
2, 139
List the prime factors of 9426.
2, 3, 1571
List the prime factors of 31800.
2, 3, 5, 53
What are the prime factors of 4254?
2, 3, 709
What are the prime factors of 99418?
2, 11, 4519
List the prime factors of 19919.
19919
What are the prime factors of 5304?
2, 3, 13, 17
What are the prime factors of 175464?
2, 3, 2437
List the prime factors of 10303.
10303
List the prime factors of 18303.
3, 6101
List the prime factors of 5733.
3, 7, 13
What are the prime factors of 3054?
2, 3, 509
List the prime factors of 5404.
2, 7, 193
What are the prime factors of 4355?
5, 13, 67
List the prime factors of 42749.
7, 31, 197
What are the prime factors of 716?
2, 179
What are the prime factors of 5525?
5, 13, 17
List the prime factors of 96560.
2, 5, 17, 71
What are the prime factors of 685?
5, 137
What are the prime factors of 25625?
5, 41
What are the prime factors of 19758?
2, 3, 37, 89
What are the prime factors of 26452?
2, 17, 389
What are the prime factors of 88033?
11, 53, 151
List the prime factors of 4775.
5, 191
What are the prime factors of 18938?
2, 17, 557
What are the prime factors of 218?
2, 109
What are the prime factors of 4469?
41, 109
What are the prime factors of 115?
5, 23
List the prime factors of 156562.
2, 7, 53, 211
List the prime factors of 95523.
3, 17, 1873
List the prime factors of 56803.
43, 1321
What are the prime factors of 2197?
13
List the prime factors of 63217.
7, 11, 821
What are the prime factors of 604?
2, 151
What are the prime factors of 470?
2, 5, 47
List the prime factors of 63022.
2, 31511
What are the prime factors of 2560?
2, 5
What are the prime factors of 13115?
5, 43, 61
What are the prime factors of 5186?
2, 2593
List the prime factors of 15095.
5, 3019
List the prime factors of 4213.
11, 383
List the prime factors of 5848.
2, 17, 43
What are the prime factors of 25841?
25841
List the prime factors of 65877.
3, 7, 3137
List the prime factors of 216.
2, 3
What are the prime factors of 30605?
5, 6121
What are the prime factors of 1878?
2, 3, 313
What are the prime factors of 5158?
2, 2579
What are the prime factors of 406?
2, 7, 29
What are the prime factors of 736?
2, 23
List the prime factors of 67851.
3, 7, 359
What are the prime factors of 835?
5, 167
What are the prime factors of 449?
449
List the prime factors of 2793.
3, 7, 19
What are the prime factors of 2753?
2753
List the prime factors of 105605.
5, 21121
What are the prime factors of 5229?
3, 7, 83
What are the prime factors of 31644?
2, 3, 293
What are the prime factors of 4866?
2, 3, 811
What are the prime factors of 464?
2, 29
List the prime factors of 4915.
5, 983
What are the prime factors of 53129?
53129
List the prime factors of 1264.
2, 79
What are the prime factors of 17838?
2, 3, 991
List the prime factors of 2758.
2, 7, 197
List the prime factors of 20665.
5, 4133
What are the prime factors of 5195?
5, 1039
What are the prime factors of 36665?
5, 7333
List the prime factors of 77982.
2, 3, 41, 317
What are the prime factors of 7131?
3, 2377
List the prime factors of 352.
2, 11
List the prime factors of 957.
3, 11, 29
What are the prime factors of 21129?
3, 7043
What are the prime factors of 74953?
17, 4409
List the prime factors of 106490.
2, 5, 23, 463
List the prime factors of 2716.
2, 7, 97
List the prime factors of 22982.
2, 11491
List the prime factors of 1045.
5, 11, 19
List the prime factors of 1265.
5, 11, 23
List the prime factors of 4776.
2, 3, 199
What are the prime factors of 525?
3, 5, 7
What are the prime factors of 5915?
5, 7, 13
What are the prime factors of 1635?
3, 5, 109
What are the prime factors of 3346?
2, 7, 239
List the prime factors of 966.
2, 3, 7, 23
What are the prime factors of 2720?
2, 5, 17
What are the prime factors of 5907?
3, 11, 179
List the prime factors of 98471.
59, 1669
List the prime factors of 5157.
3, 191
List the prime factors of 4121.
13, 317
List the prime factors of 35.
5, 7
What are the prime factors of 91919?
17, 5407
What are the prime factors of 2781?
3, 103
List the prime factors of 1025.
5, 41
What are the prime factors of 119854?
2, 7, 1223
What are the prime factors of 2987?
29, 103
List the prime factors of 860.
2, 5, 43
List the prime factors of 17935.
5, 17, 211
What are the prime factors of 16167?
3, 17, 317
List the prime factors of 1643.
31, 53
What are the prime factors of 5895?
3, 5, 131
What are the prime factors of 70701?
3, 23567
What are the prime factors of 125237?
7, 17891
What are the prime fa